{"id":102,"date":"2019-04-07T13:50:14","date_gmt":"2019-04-07T13:50:14","guid":{"rendered":"http:\/\/test3.test\/?page_id=102"},"modified":"2023-01-02T11:23:03","modified_gmt":"2023-01-02T11:23:03","slug":"blue","status":"publish","type":"page","link":"https:\/\/www.casadarriba.com\/pt\/blue\/","title":{"rendered":"Estudio Azul"},"content":{"rendered":"\n<p>&nbsp;<\/p>\n<p>O mais pequeno dos nossos est\u00fadios. Este pequeno T1 tem a sua pr\u00f3pria varanda em frente ao grandioso Oceano Atl\u00e2ntico. A Kitchennete muito funcional, permite preparar as suas pr\u00f3prias refei\u00e7\u00f5es e a zona de estar bastante confort\u00e1vel permite-lhe relaxar a olhar o mar, a ler um bom livro ou ver televis\u00e3o por cabo.<\/p>\n<p>1 Novembro a 31 de Mar\u00e7o 90 euros<br \/>\n1 de Abril a 31 de Outubro 100 euros<\/p>\n<p>Est\u00fadio exclusivo para 2 pessoas ou beb\u00e9s at\u00e9 aos 4 anos que partilhem a cama com os pais<\/p>\n<p>Para mais detalhe ver: \u00a0\u00a0 <a href=\"https:\/\/www.casadarriba.com\/pt\/precos-e-condicoes\/\" rel=\"noopener noreferrer\">\u00a0Pre\u00e7os e Condi\u00e7\u00f5es<\/a><\/p>\n<h2><\/h2>\n<h6>ESTUDIO &amp; COZINHA<\/h6>\n<ul>\n<li>Varanda com cadeiras e mesa<\/li>\n<li>WIFI Gr\u00e1tis<\/li>\n<li>TV por Cabo<\/li>\n<li>Cama dupla<\/li>\n<li>2 Sommiers<\/li>\n<li>Mesa de Jantar e cadeiras<\/li>\n<li>Forno Eletrico<\/li>\n<li>Exaustor<\/li>\n<li>Frigorifico &amp; Arca<\/li>\n<li>M\u00e1quina de caf\u00e9<\/li>\n<li>Torradeira<\/li>\n<li>Aquecedor de \u00e1gua<\/li>\n<li>Microondas<\/li>\n<li>Pratos e Panelas<\/li>\n<li>Utens\u00edlios de cozinha<\/li>\n<li>Lou\u00e7a e talheres<\/li>\n<\/ul>\n<h6><strong>CASA DE BANHO<br \/>\n<\/strong><\/h6>\n<ul>\n<li>Secador Cabelo<\/li>\n<li>Duche<\/li>\n<li>Banheiro<\/li>\n<\/ul>\n<h6>PARA CRIAN\u00c7AS (somente se solicitado)<\/h6>\n<ul>\n<li>Banheira para beb\u00e9<\/li>\n<li>Cadeira para beb\u00e9<\/li>\n<\/ul>\n","protected":false},"excerpt":{"rendered":"<p>&nbsp; O mais pequeno dos nossos est\u00fadios. Este pequeno T1 tem a sua pr\u00f3pria varanda em frente ao grandioso Oceano [&hellip;]<\/p>\n","protected":false},"author":1,"featured_media":0,"parent":0,"menu_order":0,"comment_status":"closed","ping_status":"closed","template":"","meta":{"footnotes":""},"class_list":["post-102","page","type-page","status-publish","hentry"],"_links":{"self":[{"href":"https:\/\/www.casadarriba.com\/pt\/wp-json\/wp\/v2\/pages\/102","targetHints":{"allow":["GET"]}}],"collection":[{"href":"https:\/\/www.casadarriba.com\/pt\/wp-json\/wp\/v2\/pages"}],"about":[{"href":"https:\/\/www.casadarriba.com\/pt\/wp-json\/wp\/v2\/types\/page"}],"author":[{"embeddable":true,"href":"https:\/\/www.casadarriba.com\/pt\/wp-json\/wp\/v2\/users\/1"}],"replies":[{"embeddable":true,"href":"https:\/\/www.casadarriba.com\/pt\/wp-json\/wp\/v2\/comments?post=102"}],"version-history":[{"count":5,"href":"https:\/\/www.casadarriba.com\/pt\/wp-json\/wp\/v2\/pages\/102\/revisions"}],"predecessor-version":[{"id":134,"href":"https:\/\/www.casadarriba.com\/pt\/wp-json\/wp\/v2\/pages\/102\/revisions\/134"}],"wp:attachment":[{"href":"https:\/\/www.casadarriba.com\/pt\/wp-json\/wp\/v2\/media?parent=102"}],"curies":[{"name":"wp","href":"https:\/\/api.w.org\/{rel}","templated":true}]}}

<p>&nbsp;</p>
<p>O mais pequeno dos nossos estúdios. Este pequeno T1 tem a sua própria varanda em frente ao grandioso Oceano Atlântico. A Kitchennete muito funcional, permite preparar as suas próprias refeições e a zona de estar bastante confortável permite-lhe relaxar a olhar o mar, a ler um bom livro ou ver televisão por cabo.</p>
<p>1 Novembro a 31 de Março 90 euros<br />
1 de Abril a 31 de Outubro 100 euros</p>
<p>Estúdio exclusivo para 2 pessoas ou bebés até aos 4 anos que partilhem a cama com os pais</p>
<p>Para mais detalhe ver:    <a href="https://www.casadarriba.com/pt/precos-e-condicoes/" rel="noopener noreferrer"> Preços e Condições</a></p>
<h2></h2>
<h6>ESTUDIO &amp; COZINHA</h6>
<ul>
<li>Varanda com cadeiras e mesa</li>
<li>WIFI Grátis</li>
<li>TV por Cabo</li>
<li>Cama dupla</li>
<li>2 Sommiers</li>
<li>Mesa de Jantar e cadeiras</li>
<li>Forno Eletrico</li>
<li>Exaustor</li>
<li>Frigorifico &amp; Arca</li>
<li>Máquina de café</li>
<li>Torradeira</li>
<li>Aquecedor de água</li>
<li>Microondas</li>
<li>Pratos e Panelas</li>
<li>Utensílios de cozinha</li>
<li>Louça e talheres</li>
</ul>
<h6><strong>CASA DE BANHO<br />
</strong></h6>
<ul>
<li>Secador Cabelo</li>
<li>Duche</li>
<li>Banheiro</li>
</ul>
<h6>PARA CRIANÇAS (somente se solicitado)</h6>
<ul>
<li>Banheira para bebé</li>
<li>Cadeira para bebé</li>
</ul>

<p>&nbsp; O mais pequeno dos nossos estúdios. Este pequeno T1 tem a sua própria varanda em frente ao grandioso Oceano [&hellip;]</p>
